 2517379 composite?
False
Is 171229 a prime number?
False
Is 13112819 a composite number?
False
Is 8498663 a composite number?
False
Is 3443353 a prime number?
False
Is 9653783 a prime number?
False
Is 134272603 a composite number?
False
Is 43985611 a composite number?
False
Is 7396223 prime?
True
Is 25725671 composite?
False
Is 119342987 a prime number?
False
Is 1439245 composite?
True
Is 2820578 composite?
True
Is 30487861 composite?
True
Is 7156483 a composite number?
True
Is 1492429 a prime number?
False
Is 100836269 a composite number?
False
Is 1183379 prime?
False
Is 3094501 a composite number?
False
Is 207656287 prime?
True
Is 35459 a composite number?
True
Is 2856373 a composite number?
True
Is 35835953 composite?
False
Is 1200739 composite?
False
Is 12332303 a prime number?
True
Is 10185731 a composite number?
True
Is 14995345 prime?
False
Is 1697383 a composite number?
False
Is 3947239 a prime number?
False
Is 15979657 a composite number?
True
Is 9294343 composite?
False
Is 1740217 a composite number?
True
Is 61207427 a prime number?
True
Is 25663123 a composite number?
True
Is 2843877 a composite number?
True
Is 2728199 prime?
True
Is 369066909 composite?
True
Is 26040451 prime?
False
Is 1137749 composite?
False
Is 365291 a composite number?
False
Is 35600119 a composite number?
False
Is 52146751 prime?
False
Is 9013007 prime?
False
Is 8018137 a composite number?
True
Is 1663957 a prime number?
False
Is 5083118 a composite number?
True
Is 20254991 composite?
False
Is 13226459 prime?
False
Is 79817 composite?
False
Is 3443501 composite?
False
Is 1364074 a composite number?
True
Is 19065931 prime?
False
Is 173780687 a prime number?
True
Is 554881 composite?
True
Is 41446237 a prime number?
False
Is 2778779 composite?
False
Is 40082123 a composite number?
True
Is 767801 a composite number?
True
Is 642874151 composite?
True
Is 904559 composite?
False
Is 2059561 a composite number?
True
Is 109440037 prime?
False
Is 128487 composite?
True
Is 38932631 a composite number?
False
Is 1442059 a composite number?
True
Is 71994959 a composite number?
False
Is 6887171 prime?
True
Is 551777 composite?
True
Is 12883043 a prime number?
True
Is 48393622 a composite number?
True
Is 21131951 prime?
True
Is 29585378 a composite number?
True
Is 4206469 composite?
False
Is 19223981 composite?
True
Is 59771 a composite number?
False
Is 959083 a composite number?
False
Is 3921601 a composite number?
False
Is 14106143 composite?
False
Is 30832099 prime?
True
Is 242540423 composite?
False
Is 26375318 prime?
False
Is 569353 a prime number?
False
Is 988711 a prime number?
True
Is 57212377 composite?
False
Is 56960511 composite?
True
Is 15294809 composite?
True
Is 130086289 prime?
True
Is 81180791 composite?
False
Is 4006001 prime?
True
Is 4246919 composite?
False
Is 276869459 composite?
True
Is 15406357 a composite number?
False
Is 3520441 composite?
True
Is 109002907 composite?
True
Is 30860873 prime?
False
Is 6719761 a composite number?
True
Is 505315 a prime number?
False
Is 24763777 composite?
False
Is 950884489 composite?
False
Is 61289329 a composite number?
False
Is 225163519 composite?
True
Is 1483763 prime?
True
Is 19726367 composite?
False
Is 20354687 composite?
True
Is 306504257 a prime number?
False
Is 176442367 a composite number?
False
Is 157049939 a prime number?
True
Is 14276411 composite?
False
Is 68933449 composite?
True
Is 188867411 a prime number?
True
Is 17089799 prime?
True
Is 568815613 prime?
True
Is 5795473 prime?
False
Is 2857597 prime?
False
Is 3571921 prime?
False
Is 163243043 prime?
True
Is 3878458 composite?
True
Is 215239 a prime number?
True
Is 88194779 prime?
True
Is 5945039 prime?
True
Is 2963857 composite?
True
Is 67977751 composite?
True
Is 15296987 a prime number?
False
Is 36638389 prime?
True
Is 4681829 a composite number?
False
Is 2166673 a composite number?
False
Is 555559 prime?
False
Is 66197543 a prime number?
True
Is 18987109 composite?
True
Is 661583323 a prime number?
True
Is 91819573 composite?
True
Is 17767927 a composite number?
True
Is 926399 composite?
False
Is 573369562 composite?
True
Is 6506197 prime?
True
Is 375799469 prime?
True
Is 1781027 composite?
False
Is 8828167 a composite number?
False
Is 3021059 a composite number?
False
Is 7953611 composite?
False
Is 198616303 a prime number?
True
Is 4333733 a composite number?
False
Is 24496959 a prime number?
False
Is 204295567 composite?
True
Is 73108339 composite?
False
Is 25168531 a prime number?
False
Is 705772183 a prime number?
True
Is 1569002 prime?
False
Is 2057569 composite?
False
Is 6387305 a composite number?
True
Is 72197771 a prime number?
True
Is 7154471 composite?
False
Is 23715427 prime?
False
Is 4197355 prime?
False
Is 16225571 composite?
False
Is 193465 composite?
True
Is 13511219 a composite number?
False
Is 134006489 a prime number?
False
Is 33939407 a composite number?
False
Is 1979671 composite?
True
Is 4037011 composite?
True
Is 75570623 a prime number?
True
Is 196231643 a prime number?
False
Is 118538011 a prime number?
False
Is 62395369 composite?
False
Is 146224909 a prime number?
False
Is 22593685 a composite number?
True
Is 165475031 prime?
False
Is 1473149 composite?
False
Is 32577943 a composite number?
False
Is 107303 composite?
True
Is 461583007 prime?
True
Is 15179695 prime?
False
Is 21499553 a composite number?
True
Is 2655313 prime?
True
Is 855811691 composite?
True
Is 22908199 composite?
True
Is 97747435 a prime number?
False
Is 2153429 prime?
True
Is 1695413 a prime number?
True
Is 17199634 a composite number?
True
Is 197136397 composite?
False
Is 125401 a prime number?
False
Is 1781711 composite?
True
Is 4849183 composite?
True
Is 2742209 composite?
False
Is 194009299 composite?
True
Is 10174471 a prime number?
False
Is 11049139 composite?
True
Is 43451 a composite number?
False
Is 763699 composite?
False
Is 27825779 composite?
False
Is 120714401 prime?
True
Is 57889603 a composite number?
False
Is 74698847 composite?
False
Is 80971519 prime?
True
Is 159808063 a prime number?
True
Is 40189267 a composite number?
True
Is 66511409 a composite number?
False
Is 7421117 composite?
True
Is 144539 prime?
True
Is 10512785 prime?
False
Is 885679 a composite number?
False
Is 528611 a prime number?
True
Is 279793079 composite?
False
Is 173514077 a prime number?
False
Is 79091101 prime?
True
Is 6061577 a composite number?
True
Is 59807977 prime?
False
Is 1719037 a prime number?
False
Is 41696481 a composite number?
True
Is 27566647 prime?
False
Is 156977309 composite?
False
Is 748650349 prime?
True
Is 1979507 prime?
True
Is 116326657 a prime number?
True
Is 18123605 composite?
True
Is 4788331 a prime number?
True
Is 1724629 prime?
False
Is 3899719 a prime number?
False
Is 184962539 prime?
True
Is 7194487 a prime number?
True
Is 16082809 prime?
False
Is 31520897 prime?
True
Is 106679647 a prime number?
True
Is 1522913 a prime number?
False
Is 105373 a prime number?
True
Is 12362783 composite?
False
Is 1665841 a prime number?
True
Is 379521997 a composite number?
False
Is 630997 composite?
False
Is 3811889 a prime number?
True
Is 55356871 composite?
False
Is 1384691705 a prime number?
False
Is 21899447 composite?
False
Is 159950581 a composite number?
True
Is 4114931 a prime number?
True
Is 1176323 a prime number?
True
Is 406859 composite?
False
Is 151779929 prime?
False
Is 33268969 a prime number?
False
Is 7246039 prime?
True
Is 165749 a prime number?
True
Is 246801 a composite number?
True
Is 11411921 a prime number?
True
Is 169683071 a composite number?
True
Is 13415399 prime?
True
Is 7128881 composite?
True
Is 1584973 a composite number?
True
Is 4044179 composite?
False
Is 3896547 composite?
True
Is 46789437 prime?
False
Is 1548451 prime?
True
Is 6701323 composite?
False
Is 23565023 a composite number?
True
Is 4114097 prime?
False
Is 20706449 a prime number?
True
Is 8212277 a composite number?
False
Is 474767 prime?
False
Is 389399 composite?
False
Is 18297417 a composite number?
True
Is 4830481 a composite number?
False
Is 2120483 composite?
True
Is 33932247 composite?
True
Is 471241 a prime number?
True
Is 14552419 a prime number?
False
Is 135494041 a composite number?
True
Is 110119 prime?
True
Is 346094911 prime?
False
Is 29143